f 380364?
2, 3, 29, 1093
What are the prime factors of 6129041?
31, 197711
List the prime factors of 342794.
2, 101, 1697
List the prime factors of 1016394.
2, 3, 169399
What are the prime factors of 1854076?
2, 7, 23, 2879
What are the prime factors of 6222949?
23, 270563
List the prime factors of 228642.
2, 3, 53, 719
List the prime factors of 1701133.
7, 149, 233
What are the prime factors of 18530472?
2, 3, 19, 40637
List the prime factors of 8317070.
2, 5, 831707
What are the prime factors of 14501874?
2, 3, 743, 3253
List the prime factors of 10012723.
7, 61, 131, 179
List the prime factors of 3261471.
3, 47, 23131
What are the prime factors of 74281?
59, 1259
What are the prime factors of 1571967?
3, 6469
List the prime factors of 1454746.
2, 463, 1571
What are the prime factors of 201887?
7, 151, 191
List the prime factors of 400707.
3, 17, 97
List the prime factors of 21324913.
37, 421
List the prime factors of 3208446.
2, 3, 178247
What are the prime factors of 6770886?
2, 3, 67, 16843
List the prime factors of 8254779.
3, 13, 211661
List the prime factors of 4577384.
2, 7, 11677
What are the prime factors of 670615?
5, 11, 89, 137
What are the prime factors of 287505?
3, 5, 6389
List the prime factors of 148621.
11, 59, 229
List the prime factors of 12704872.
2, 163, 9743
What are the prime factors of 1893050?
2, 5, 37861
List the prime factors of 7357692.
2, 3, 613141
List the prime factors of 21552892.
2, 821, 6563
List the prime factors of 3111135.
3, 5, 207409
What are the prime factors of 4544655?
3, 5, 302977
What are the prime factors of 1809426?
2, 3, 29, 10399
What are the prime factors of 18827588?
2, 13, 362069
What are the prime factors of 2724229?
2724229
List the prime factors of 685212.
2, 3, 11, 29, 179
What are the prime factors of 327317?
327317
List the prime factors of 227809.
37, 47, 131
List the prime factors of 135957.
3, 45319
List the prime factors of 122151.
3, 19, 2143
What are the prime factors of 275722?
2, 89, 1549
What are the prime factors of 18453213?
3, 2050357
What are the prime factors of 3474955?
5, 11, 23, 41, 67
List the prime factors of 4866519.
3, 7, 29, 61, 131
What are the prime factors of 484218?
2, 3, 7, 61
List the prime factors of 3459881.
19, 182099
What are the prime factors of 6263188?
2, 29, 53993
What are the prime factors of 543119?
103, 5273
List the prime factors of 976503.
3, 11, 127, 233
List the prime factors of 534767.
607, 881
List the prime factors of 3103581.
3, 13, 79579
List the prime factors of 167868.
2, 3, 4663
What are the prime factors of 629633?
509, 1237
List the prime factors of 2701419.
3, 7, 17, 23, 47
What are the prime factors of 18945651?
3, 6315217
What are the prime factors of 27543896?
2, 3442987
What are the prime factors of 4257497?
17, 250441
What are the prime factors of 1392932?
2, 479, 727
What are the prime factors of 518638?
2, 211, 1229
List the prime factors of 1800082.
2, 479, 1879
What are the prime factors of 10066368?
2, 3, 13, 37, 109
What are the prime factors of 21877?
131, 167
List the prime factors of 968272.
2, 73, 829
List the prime factors of 1533920.
2, 5, 9587
List the prime factors of 1617169.
73, 22153
List the prime factors of 4173820.
2, 5, 7, 4259
List the prime factors of 532190.
2, 5, 19, 2801
What are the prime factors of 210273?
3, 7, 17, 19, 31
List the prime factors of 352579.
352579
List the prime factors of 17800.
2, 5, 89
What are the prime factors of 216714?
2, 3, 19, 1901
What are the prime factors of 898107?
3, 7, 42767
List the prime factors of 14136770.
2, 5, 1413677
What are the prime factors of 1614589?
1614589
What are the prime factors of 151984?
2, 7, 23, 59
What are the prime factors of 450366?
2, 3, 7, 10723
List the prime factors of 371732.
2, 199, 467
List the prime factors of 1623933.
3, 180437
What are the prime factors of 847010?
2, 5, 84701
What are the prime factors of 6869008?
2, 73, 5881
What are the prime factors of 1975103?
13, 29, 31
List the prime factors of 1858748.
2, 464687
List the prime factors of 459061.
467, 983
What are the prime factors of 1656890?
2, 5, 223, 743
List the prime factors of 289595.
5, 17, 3407
List the prime factors of 1159528.
2, 144941
List the prime factors of 596607.
3, 11, 101, 179
What are the prime factors of 14722873?
11, 1338443
List the prime factors of 283650.
2, 3, 5, 31, 61
List the prime factors of 3704237.
3704237
List the prime factors of 30835565.
5, 73, 84481
What are the prime factors of 539841?
3, 179947
What are the prime factors of 6718779?
3, 746531
List the prime factors of 371157.
3, 123719
List the prime factors of 116522.
2, 7, 29, 41
List the prime factors of 7990933.
7990933
What are the prime factors of 32051081?
19, 269, 6271
What are the prime factors of 1837314?
2, 3, 103, 991
List the prime factors of 8872627.
349, 25423
What are the prime factors of 448427?
7, 29, 47
What are the prime factors of 211641?
3, 19, 47, 79
What are the prime factors of 13904393?
13904393
List the prime factors of 4794603.
3, 11, 23, 6317
What are the prime factors of 12134883?
3, 47, 89, 967
What are the prime factors of 5963285?
5, 127, 9391
What are the prime factors of 218756?
2, 17, 3217
List the prime factors of 2045343.
3, 681781
List the prime factors of 125063.
125063
What are the prime factors of 1883540?
2, 5, 41, 2297
List the prime factors of 455844.
2, 3, 37987
What are the prime factors of 6889972?
2, 23, 74891
What are the prime factors of 12645?
3, 5, 281
List the prime factors of 594835.
5, 118967
List the prime factors of 363373.
363373
What are the prime factors of 56015?
5, 17, 659
What are the prime factors of 1184154?
2, 3, 197359
What are the prime factors of 5489102?
2, 2744551
What are the prime factors of 75907?
13, 5839
List the prime factors of 157566.
2, 3, 26261
List the prime factors of 2570965.
5, 167, 3079
List the prime factors of 1927392.
2, 3, 17, 1181
List the prime factors of 2506040.
2, 5, 31, 43, 47
What are the prime factors of 215072?
2, 11, 13, 47
What are the prime factors of 21398454?
2, 3, 7, 11, 15439
List the prime factors of 4199408.
2, 17, 15439
List the prime factors of 860211.
3, 11, 8689
List the prime factors of 302572.
2, 67, 1129
What are the prime factors of 1906181?
131, 14551
List the prime factors of 185190.
2, 3, 5, 6173
List the prime factors of 26325.
3, 5, 13
What are the prime factors of 5305766?
2, 2652883
What are the prime factors of 971444?
2, 211, 1151
List the prime factors of 2166144.
2, 3, 5641
What are the prime factors of 100259?
107, 937
List the prime factors of 1396672.
2, 139, 157
List the prime factors of 2398856.
2, 299857
List the prime factors of 1105280.
2, 5, 11, 157
What are the prime factors of 1134166?
2, 11, 31, 1663
What are the prime factors of 12944511?
3, 1438279
What are the prime factors of 456258?
2, 3, 11, 31, 223
What are the prime factors of 874813?
874813
List the prime factors of 7448462.
2, 7, 532033
What are the prime factors of 133895?
5, 61, 439
What are the prime factors of 12780117?
3, 7, 202859
What are the prime factors of 8361650?
2, 5, 11, 23, 661
List the prime factors of 1895408.
2, 118463
List the prime factors of 4864252.
2, 499, 2437
List the prime factors of 14079638.
2, 17, 414107
List the prime factors of 133162.
2, 139, 479
List the prime factors of 1068329.
1068329
List the prime factors of 969632.
2, 157, 193
List the prime factors of 22844605.
5, 7, 29, 71, 317
List the prime factors of 4374277.
4374277
What are the prime factors of 15499020?
2, 3, 5, 258317
What are the prime factors of 3992103?
3, 443567
What are the prime factors of 33246170?
2, 5, 101, 32917
What are the prime factors of 466101?
3, 61, 283
What are the prime factors of 533476?
2, 197, 677
List the prime factors of 9057986.
2, 7, 73, 8863
List the prime factors of 321457.
521, 617
List the prime factors of 735683.
13, 56591
What are the prime factors of 17670930?
2, 3, 5, 31, 19001
What are the prime factors of 40400?
2, 5, 101
List the prime factors of 525959.
7, 227, 331
What are the prime factors of 1535075?
5, 61403
What are the prime factors of 2473442?
2, 103, 12007
What are the prime factors of 2322743?
367, 6329
What are the prime factors of 17799210?
2